2 - 22*m**3/3 - 2*m - 25. Let i(n) be the second derivative of j(n). What is i(6)?
32
Let z be 1 - (-6 - (12 + -24) - (-10)/(-1)). Let c(n) = -n**3 + 8*n**2 - 14*n - 11. What is c(z)?
-6
Let t(s) = 8*s + 4. Let l(c) = c**3 - 85*c**2 + 165*c + 85. Let q be l(83). Determine t(q).
20
Let r(v) be the third derivative of -3/20*v**5 + 0*v - 1/3*v**4 - 1/120*v**6 - v**3 - 80*v**2 + 0. Calculate r(-8).
-6
Let i(a) = -69*a - 67. Let l(k) = -17*k - 2. Let d(w) = -i(w) + 3*l(w). Calculate d(-4).
-11
Let n be (-16)/(-12)*((-63)/(-12) + -3). Let r(o) = 116*o**2 + 2*o + n*o + 2 - 117*o**2. Let l = 19 - 14. Give r(l).
2
Let g(c) = 16*c + 315. Let f be (250 - 243)*((-38)/14)/1. What is g(f)?
11
Let j(u) = u**3 + 34*u**2 + u + 31. Let o be (100/40)/((-5)/68). Determine j(o).
-3
Let x(g) = -6 - 9 + 24 - g - 19. Let p = 137 + -145. What is x(p)?
-2
Let i be (-18086)/(-8) + (-3)/(-24)*2. Let o be i/(-255) - (-2)/(-15) - -3. Let z(m) = -8*m + 5. Let u(p) = 3*p - 2. Let g(c) = 11*u(c) + 4*z(c). Give g(o).
-8
Suppose 2*c - 2*u + 28 = 0, 6*c - 3*c = -8*u + 24. Let y(o) = o**3 + 7*o**2 - 5*o - 10. Calculate y(c).
-34
Let i(l) = 1128*l + 4. Let y(o) = -266*o - 1. Let d(s) = -4*i(s) - 17*y(s). Let v be (-2 - -1)/(2/(-6)). Determine d(v).
31
Let d(i) = -868*i + 552. Let h(k) = 400*k - 277. Let x(z) = -6*d(z) - 13*h(z). Determine x(-38).
-15
Let a = -195 - -197. Suppose 25 = -5*p - 5*f, 0 = 3*p + a*p + f + 41. Let k(q) = q**2 + 9*q - 3. Determine k(p).
-3
Let g be ((-208)/7 - (-11 + 7))*21. Let d = 538 + g. Let k(x) be the third derivative of -x**6/120 - x**5/20 + x**4/24 - 2*x**2. What is k(d)?
-6
Let w = -557 + 566. Let j(a) = -a**3 + 11*a**2 - 12*a - 53. Calculate j(w).
1
Let o(k) be the third derivative of k**6/4 - k**5/60 - k**4/24 - k**3/3 - 8*k**2 - 295. Calculate o(-1).
-32
Let s(h) = -h**3 - 4*h**2 - 2*h - 3. Suppose 9*c = -k + 11*c - 14, -5*c = -3*k - 37. Determine s(k).
5
Let p(b) be the third derivative of 5*b**4/24 - b**3 + b**2. Let u(d) = d**2 - 7*d - 10. Let y be u(-2). Let o be 1 + (90/(-144))/((-1)/y). Give p(o).
24
Suppose 3*i + i - 4*y - 4 = 0, -2*y = i + 14. Let h(f) = 18*f**2 - 12*f - 10. Let b(k) = -11*k**2 + 7*k + 5. Let w(t) = -5*b(t) - 3*h(t). Give w(i).
17
Let b(h) = 1. Let r(z) = -z - 1. Let s(i) = b(i) + r(i). Let y = 52 + -46. Suppose 2*k + y - 14 = 0. Calculate s(k).
-4
Let g(j) be the first derivative of -j**5/20 - j**4/4 + j**3/3 - 2*j**2 - 61*j + 7. Let h(a) be the first derivative of g(a). Calculate h(-4).
4
Let b(h) = -18*h**2 + 4*h + 13. Suppose 2*x = 3*w - 0*x - 3, 2*w - 3*x = -3. Let l(g) = 8*g**2 - 2*g - 6. Let p(t) = w*b(t) + 7*l(t). Let a = 4 - 1. Give p(a).
9
Suppose -8*l = -20*l - 19*l - 558. Let m(k) = 2*k + 50. Calculate m(l).
14
Let g(n) = -n**2 - 10*n + 30. Let u be g(-12). Suppose -u + 5 = -k. Let r(l) be the third derivative of l**5/10 - l**4/24 + 4*l**2. Calculate r(k).
5
Let a(v) be the second derivative of -8*v**3/3 + 48*v**2 - 5*v + 65. What is a(6)?
0
Let n = -25 - -29. Let j(i) = -6 - n*i + 4 + 3*i + i**2 + 1. Let z(p) = -3*p**2 + 3*p - 1. Let b(h) = -4*j(h) - z(h). What is b(0)?
5
Suppose 87*z - 194 - 67 = 0. Let q(i) = 7*i - 8. Give q(z).
13
Suppose 3*t - 3*s + 20 = -4*s, t - 4*s = -24. Let a(x) be the first derivative of x**3/3 + 11*x**2/2 - 9*x - 106. Calculate a(t).
-33
Let w(u) be the first derivative of -u**2/2 - 3*u - 356. Let s = -2 + 7. Let m = 2 - s. Give w(m).
0
Suppose -6*l + 0*l = -84. Let z = l + -20. Let k(f) = f**3 + 6*f**2 + 3*f + 14. Let v be k(z). Let y(c) = -c**2 - 5*c - 5. Determine y(v).
-1
Let g(o) = -o**3 - 6*o**2 + 17*o - 3. Let a = 725 - 733. What is g(a)?
-11
Let u(l) = 129*l - 27. Let b(z) = -10*z + 2. Let i(v) = 27*b(v) + 2*u(v). Let g = 639 - 634. Suppose -t - 16 = -g*m, 5*m = -t - 44 + 58. What is i(t)?
12
Suppose 6*a + 67 - 97 = 0. Suppose a*v + 3*f - 14 = 0, 5*v - 28 + 12 = -2*f. Let d(m) = m**2 - 5*m - 3. Determine d(v).
-7
Let t(d) = d**3 - 6*d**2 - 4*d - 13. Let u be 0/2 - (31 + -42). Suppose n - 11 = 2*k, -6*n + u*n - 27 = -4*k. Calculate t(n).
8
Let j(m) = -23*m**3 + 9*m**2 + 30*m - 2. Let v(a) = -10*a**3 + 4*a**2 + 13*a - 1. Let b(g) = -7*j(g) + 16*v(g). Let i = -3 + 1. Give b(i).
-2
Let y be 37 + 3 + 36/18. Let g be 6*7/y*6. Let o(k) = k**2 - 6*k - 2. Give o(g).
-2
Let a = -10 + 6. Let f(o) be the first derivative of -o**3/3 - o**2 + 26962. Determine f(a).
-8
Let q(y) = 2*y - 4. Let f(w) = 9*w**2 - 4*w - 4. Let u be f(-1). Suppose -4*z - 6 = -5*k - u, 5*k = 5*z. Calculate q(k).
-10
Suppose -121*d - 195 + 57 = 225. Let b(z) be the third derivative of z**5/60 - z**4/6 - z**3/3 + z**2. Calculate b(d).
19
Suppose -5*a = 4*g - 5 - 6, -5*a + 5*g = 25. Let c(l) be the second derivative of 3*l**5/20 - l**4/12 + l**3/3 + l**2 + 660*l. Determine c(a).
-4
Let a(v) = v + v**2 + v + 4 + 0 - 6. Suppose -5*n - 148 = 112. Let r be 1/(-3 + n/(-16)). Give a(r).
22
Let s(n) be the first derivative of -23*n**3/6 + 194*n + 10. Let w(c) be the first derivative of s(c). Calculate w(-1).
23
Let l(c) be the third derivative of c**6/120 - 7*c**5/60 - c**4/6 - c**3 + 107*c**2. Suppose 5*b - 30 = -5*z, 0*b - 5*z + 6 = 2*b. Give l(b).
26
Let o(j) = 3*j**3 + 2*j**2 + 2*j + 7. Suppose 3*z - 5206 + 5212 = 0. Give o(z).
-13
Let q = -69 + 73. Let v(f) = -2*f - 2992 + 3*f - 7*f + f + 2997. Calculate v(q).
-15
Let m(r) = 5*r**3 + 7*r**2 - 6*r. Let p(i) = 4*i**3 + 7*i**2 - 6*i + 1. Let s(b) = -5*m(b) + 6*p(b). Suppose -f + 9 = -3*n, 0 = -4*n - 17 + 13. Determine s(f).
6
Suppose -3*r + 75 = 27. Let t(y) = -2*y + 36. Let f be t(r). Let d(b) = 4 - 3*b**2 + 2*b**2 + 6*b - 10. Give d(f).
2
Suppose -s = 3*z - 49, s + 12 + 51 = 4*z. Let o(t) = 7 + z*t - 13*t - 4*t. Calculate o(5).
2
Suppose -5*b + c + 29 = 2*c, -3*b + 2*c = -7. Suppose 0 = 4*p + b*o + 20 + 21, 4*o = 5*p. Let q(f) = -f**3 - 3*f**2 + 3*f + 4. Determine q(p).
8
Suppose 0 = 2*m - 5*m, -3*m = 2*h + 12. Let t be 10 + h + (3 - (-8)/(-2)). Let k(s) = -s**2 - s + 1. Determine k(t).
-11
Suppose 220*c + 516 = -141*c - 2011. Let m(y) = -30*y - 213. Calculate m(c).
-3
Suppose -35*q + 34*q - 219 = 0. Let g be q/2*(-16)/(-12). Let m = g + 135. Let i(l) = l**2 + 10*l - 6. Determine i(m).
5
Let m(z) be the third derivative of 1/24*z**4 + 0 + 0*z**3 - 2*z**2 + 2*z. Calculate m(-5).
-5
Let j(m) = -2*m**3 - 2*m**2 + 2*m. Suppose -5*c = g + 8, 2*c - 75 = -3*g - 2*g. Suppose k + 36 = -g*k. Determine j(k).
4
Let f be 1 - (1 + -5) - 2. Let c(u) = -12 + 0*u + f*u + 0 + 5*u - 7*u. Give c(15).
3
Let c(d) = 23*d**2 + 9*d**2 - 15*d**2 - 9 - 13*d**2. Determine c(-5).
91
Let k = -414 - -427. Let h be (8/6)/((-10)/(-15)). Let b(d) = 3*d**2 + d**3 - d**2 - 6*d**h + 8*d - k*d. Give b(5).
0
Let l be 30*(-2 - -9)/42. Let w(y) = 4*y**2 - 7. Determine w(l).
93
Let g(l) be the third derivative of -3*l**2 + 3 + 0*l - 1/12*l**4 + 1/6*l**3 + 1/40*l**6 - 1/30*l**5. Give g(2).
13
Let b = -489 + 905. Let m be (-22)/(-33) + b/6 - 3. Let g(f) = -5 - f**3 - 7*f**2 - 66*f + m*f + f**2. Calculate g(-6).
-11
Let u(f) = f**3 + 8*f**2 - 10*f + 8. Let m(y) = y**3 - y - 1. Let a(b) = -2*m(b) + u(b). Let r be (3/(-2) + 1)/(259/(-3626)). Determine a(r).
3
Let x(v) be the first derivative of 5*v**3/3 - 51*v**2/2 + 15*v - 945. What is x(10)?
5
Let y(p) = 37*p**2 + 7 - 71*p**2 + 8*p + 35*p**2 - 14*p. Let d = -4 - -1. Let o be -2 + (d - -10) - -1. Give y(o).
7
Let b(l) = 31*l - 36. Let h be 30/(-4)*(-108)/405. Let t(s) = 7*s - 9. Let r(v) = h*b(v) - 9*t(v). Determine r(11).
-2
Let i(r) = 19*r - 13. Suppose -9*o = 10*o + 19*o - 114. What is i(o)?
44
Let r(b) = 4*b**2 - 468864*b - 18*b**2 + 468874*b. Give r(1).
-4
Let q(h) = -2*h**2 - 10*h - 10. Let f = -10909 + 10908. Determine q(f).
-2
Let g = -40 + 44. Let t = 16 + -15. Let j(r) = 6*r - 2*r - t - r**2 + 0. Give j(g).
-1
Let z(f) = f**3 - 12*f**2 - 2. Let p(t) = -3*t**3 - 70*t**2 + t - 15. Let g(n) = p(n) - 6*z(n). Calculate g(1).
-9
Let s = 23203 - 23197. Let q(p) = 8 - 5*p + 7*p - 4*p. What is q(s)?
-4
Let m = 344 - 334. Let z(y) = -m + 40*y + 0*y**2 - y**2 - 80*y + 33*y. Calculate z(-7).
-10
Let b(p) = -p**3 + 13*p**2 - 2*p + 15. Let h be (-21)/(-3) - (11 - 7). Suppose 0 = 2*r - 5*x - 36, -h*r - 2*r + 63 = x. Determine b(r).
-11
Let j(q) = q**3 - 33*q**2 + 61*q + 36. Let v be j(31). Let d(b) = -2*b + 14. Calculate d(v).
4
Let a be (-159)/(-6) - 2/4. Suppo